 - 11*r**2 + 21*r + 561. Let b be x(21). Calculate the greatest common factor of 132 and b.
132
Let h(i) = 280*i - 1940. Let r be h(7). What is the highest common factor of 588 and r?
4
Let g(w) = w**2 - 16*w + 3. Let h be g(16). Suppose -13 = h*z - 28. Suppose -3*l + 5 = 2*x - 24, 3*l - z = 4*x. Calculate the highest common factor of 7 and l.
7
Let v(t) = -6*t - 20. Let z(o) = o**3 - 13*o**2 - 4. Let c be z(13). Let n be v(c). What is the greatest common divisor of n and 16?
4
Suppose -163 = -4*l - 2*g - 11, 5*l = -3*g + 193. Calculate the highest common divisor of 5005 and l.
35
Suppose 2*i - 24666 = -2*t, -4*t + 12330 = -3*t + 2*i. What is the greatest common divisor of t and 48?
48
Let z be 38*(1 - (-5)/(-10)). Let m = z + -7. Let l be (-28)/m*-3 + -1. What is the highest common factor of 42 and l?
6
Let w be 85/7 + (-5)/35. Let n = -586 + 607. Suppose -3*q = -2*f + n, 0*q - 20 = -4*q. Calculate the highest common divisor of f and w.
6
Let s be 13 - ((-1 - -6) + -4) - 30/(-5). What is the highest common factor of 576 and s?
18
Suppose 128*a - 125*a = 15. Let y be a - 3 - (-3 + -499 - -4). Calculate the highest common divisor of y and 20.
20
Let q = 0 + 2. Let f(s) = -2*s - 2 - 9 - s**q + 4*s + 8*s. Let z be f(6). What is the highest common divisor of z and 13?
13
Let w = 4456 + -4298. What is the highest common factor of w and 1501?
79
Let r = -3027 + 3063. Calculate the highest common divisor of r and 960.
12
Suppose 7*l - 163 = 187. Suppose 5*h = -10, b - l = 4*h + 42. Calculate the highest common factor of 105 and b.
21
Let c(l) = -l**2 - 21*l + 366. Let t be c(-32). Let g be ((-126)/12)/((-18)/1896). Calculate the highest common factor of t and g.
14
Let a = 64 - 70. Let z(k) = -7*k - 5. Let q(t) = -15*t - 11. Let w(c) = -6*q(c) + 13*z(c). Let s be w(a). Calculate the highest common factor of s and 7.
7
Let r = 373 - 118. Calculate the greatest common divisor of r and 75.
15
Let p be (-5 - -3) + (-12)/(-2). Suppose -p*k + 11 = 3. Let o(x) = x**3 + 10*x**2 + 7*x - 10. Let t be o(-9). Calculate the greatest common divisor of t and k.
2
Suppose -z = -l - 177, 0 = 1728*l - 1731*l - 18. Let w be (5 + (-1)/1)*57. Calculate the greatest common divisor of z and w.
57
Let c be (-1149)/12 - -3*4/(-48). Let o = c + 141. Calculate the highest common factor of 5 and o.
5
Suppose 16*i - 5*i = 3300. Suppose 36 = 7*z - i. Calculate the greatest common factor of 336 and z.
48
Let g be (1/2)/((-153)/(-6018)*(-1)/(-3)). Calculate the highest common divisor of 3 and g.
1
Let q be ((-36)/(-14))/((-291)/(-245798)). What is the greatest common divisor of 24 and q?
12
Suppose 3*c = 3*h + 57, -5*h - 23 = 20*c - 22*c. What is the highest common factor of c and 618?
6
Let n be 2/(-4)*(5 + (-2 - 9)). Let a be 8/12 - 8/n - -125. Calculate the highest common divisor of 205 and a.
41
Suppose 2*d - 29 = 20*q - 23*q, -7 = -q. Calculate the greatest common factor of 162 and d.
2
Let w = 3914 - 2698. Calculate the highest common factor of 133 and w.
19
Let l(s) = s**3 + 4*s**2 + 3*s + 15. Let j be l(-4). Suppose 4*z - 364 = b, -j*z - 2*z = b - 464. What is the highest common factor of z and 23?
23
Suppose 0 = 5*k + l - 157 - 13534, 3*l = 3*k - 8211. What is the highest common divisor of 74 and k?
74
Let a be -12 + 0 + 7 - (-4 + -1) - -189. What is the greatest common divisor of a and 252?
63
Let m(d) = -6*d + 26. Let a be m(4). Let y be (a + -2 - (-8)/(-12))*-21. What is the highest common factor of 133 and y?
7
Suppose x = -4*g + 30, -2*g + 4 = 3*x - 6. Let v = 8 - g. Suppose -7*b + 43 + 1777 = v. What is the greatest common factor of b and 52?
52
Suppose -5*v = -v + 8, -18 = -4*z - 3*v. Let t be 7 + (-18 - (-14 - 0)). What is the greatest common divisor of z and t?
3
Suppose -1339 - 54 - 1103 = -8*r. Calculate the greatest common factor of r and 20.
4
Suppose -382*s + 724*s = 414*s - 12528. Let m be 2*(5 + 6/(-3)). Calculate the highest common divisor of m and s.
6
Let h be (189/81)/(3*3/648). What is the highest common divisor of 1526 and h?
14
Suppose -4*h - 234*z + 236*z + 56 = 0, -14 = -h - 4*z. Calculate the highest common divisor of 44 and h.
2
Let r = 843 - 837. Let a be ((-8)/(-6))/(6/261). Suppose 0 = -r*h + a + 140. What is the greatest common divisor of 55 and h?
11
Let t(l) = 8*l**2 - 85*l - 1206. Let h be t(-32). Calculate the greatest common factor of 46 and h.
46
Let a = -1733 + 2069. What is the highest common factor of a and 1024?
16
Suppose -9*t - 7020 = -5*w - 4*t, -2*w - 9*t = -2830. Calculate the greatest common divisor of 304 and w.
38
Let n be 986/51 + -18 - (-40564)/6. Calculate the highest common divisor of n and 276.
138
Suppose 0 = 5*f + 3*y - 14, 20*f = 18*f + y + 10. Let h be 1844*f/88 + (-4)/(-22). Calculate the highest common factor of h and 210.
42
Let s(u) = u**3 + 7*u**2 - 3*u + 6. Let j be s(-7). Let g be (41/(820/32))/(6/45). Calculate the highest common factor of j and g.
3
Let p = 76 - 22. Let i be (370/(-70) - -13)/(7/(196/6)). Calculate the greatest common divisor of i and p.
18
Let n(w) = 2*w**3 + 58*w**2 + 420*w + 17. Let g be n(-15). Calculate the greatest common factor of g and 5627.
17
Suppose -2*v = -7*v + 280. Suppose -36*a - 525 = -41*a. Let r = a - -399. What is the greatest common divisor of v and r?
56
Let a be ((-10)/(-6))/(1280/20736). Calculate the highest common factor of a and 11.
1
Let v be (-1284)/(-60) - 4/10. Let m = 29 - v. Let u(x) = -x**3 + 9*x**2 - 5*x + 12. Let s be u(m). Calculate the highest common divisor of s and 54.
18
Let j = -6520 + 6540. What is the greatest common divisor of 832 and j?
4
Let r = 5973 + -5961. What is the highest common divisor of r and 57?
3
Let k be -150*(-7)/14 - 30/(-6). Calculate the highest common factor of 80 and k.
80
Suppose -3 = -2*k + 5. Let t = -2 - k. Let a be 2 - 75/(-6) - 9/t. What is the greatest common factor of a and 4?
4
Let o be (-464)/(-87)*33/2. Let q = -294 - -316. Calculate the greatest common divisor of q and o.
22
Suppose -2 = n, 2*s + 0*s - 3*n = 16. Suppose -3*f + i = -90, 5*f = s*i + 60 + 100. Let c = 348 - 29. What is the greatest common factor of c and f?
29
Suppose 4*y - 24 = -2*y. Suppose -3*n + 2*s = -y*n + 14, -46 = -4*n - 3*s. Let m be (4/n)/(3/(-405)*-1). What is the greatest common factor of 36 and m?
18
Suppose -2*g - 76 = -3*n + 186, 5*n - 4*g = 436. Calculate the greatest common divisor of n and 4312.
88
Let t be 40*(10 + 25/(-20)). What is the greatest common factor of t and 210?
70
Let s(p) = 125*p**3 - 6*p**2 - p + 3. Let b be s(1). Suppose -2*t + 119 = 3*m + 43, -2*m - 5*t + 69 = 0. Calculate the greatest common divisor of b and m.
11
Let u = 12939 + -12640. Calculate the highest common divisor of u and 65.
13
Suppose -5*r - 540 = -5*i, 3*r = 5*i - 3*i - 216. Let b be (i/(-14))/(9/(-42)). Calculate the greatest common divisor of b and 54.
18
Let f be 7*(-4)/42*-15. Let v = 183 - 174. Suppose 3 = 2*j + v, 5*a = 4*j + 17. Calculate the greatest common divisor of f and a.
1
Suppose 16*m - 7*m + 9 = 72. What is the highest common divisor of m and 1589?
7
Suppose -2*a + 9*o - 4*o = -636, -4*o = -a + 312. Calculate the highest common factor of 5412 and a.
164
Suppose -8*w + 6*w + 192 = 0. Let k = -127 - -116. Let q be (1 - -3)*(27 + k). What is the highest common factor of q and w?
32
Suppose 157*y - 152*y - 15 = 0, -3*y + 3 = -3*f. What is the greatest common factor of 32 and f?
2
Suppose 176 = 4*m - 2*m. Let v be -9*(-20)/135*(-24)/(2 - 6). Calculate the greatest common factor of m and v.
8
Suppose -8*p + p + 1260 = 0. Let m be 6 - (80/p)/(4/18). What is the greatest common factor of 12 and m?
4
Suppose 8*p = -p + 63. Let v(w) = 2*w**2 - 11*w + 24. Let u be v(p). What is the highest common factor of u and 45?
45
Suppose 10 = -16*s + 378. What is the highest common divisor of 13 and s?
1
Let f = 801 + -766. Suppose -2302 - 218 = -f*x. What is the highest common factor of x and 88?
8
Suppose -122 - 61 = -3*u. Let l = u + -10. Calculate the greatest common divisor of 34 and l.
17
Let g(w) be the first derivative of -w**4/4 - 11*w**3/3 - 9*w**2/2 - 28*w - 52. Let a be g(-12). What is the highest common divisor of 96 and a?
32
Let x(t) = -13*t**2 - 41*t - 62. Let c(k) = 2*k**2 + k - 1. Let a(f) = -6*c(f) - x(f). Let v be a(-40). Calculate 